133102112 (base 4) to base 16.
1f496
Convert -12014432312 (base 5) to base 10.
-13827207
-342207 (base 10) to base 14
-8c9d5
What is -3006145 (base 7) in base 4?
-1112230033
What is 716000 (base 8) in base 12?
b4a80
bb577 (base 14) to base 11
28aa87
13000254 (base 6) to base 7
3366343
What is 2940a (base 14) in base 8?
307662
What is 153305 (base 7) in base 13?
10862
-40035 (base 15) to base 16
-31736
-339374b (base 12) to base 9
-20554515
What is -2809b5 (base 12) in base 5?
-132234420
What is -4cb91 (base 13) in base 14?
-39d69
What is 321312101 (base 4) in base 7?
2004542
What is -222001111 (base 3) in base 2?
-100101000110010
-ca9729 (base 13) to base 9
-8857351
What is 606166 (base 7) in base 16?
19255
-267116 (base 9) to base 15
-332e3
Convert -3231266 (base 9) to base 13.
-488a9c
Convert 1100032122 (base 4) to base 13.
b6751
What is 20121 (base 13) in base 16?
dfe6
8a481b (base 14) to base 9
8752227
What is 213340235 (base 6) in base 12?
133767b
What is 148778 (base 9) in base 16?
16673
-72d6c8 (base 14) to base 10
-3878624
Convert 82786 (base 9) to base 2.
1101010100111111
Convert 610016 (base 9) to base 3.
200100000120
Convert -315577 (base 9) to base 5.
-22002303
-1724428 (base 11) to base 13
-7b9623
Convert 21023045 (base 6) to base 3.
1010222111002
-12411406 (base 7) to base 15
-1747ca
Convert 389296 (base 10) to base 2.
1011111000010110000
-1200112010001 (base 3) to base 16
-dac17
Convert 1200020020110 (base 3) to base 5.
211442113
-1dc37 (base 15) to base 12
-48344
What is -3988969 (base 11) in base 10?
-6893082
-252095 (base 10) to base 4
-331202333
1b908d (base 14) to base 16
f0885
Convert 272044 (base 8) to base 15.
1d363
What is 142235521 (base 7) in base 3?
122120101001011
Convert 10101001000001011110011 (base 2) to base 11.
3143213
What is -13110110431 (base 5) in base 10?
-16097616
32311233 (base 5) to base 2
1000011010101101010
-6346103 (base 8) to base 14
-3201d9
-12212202112 (base 3) to base 5
-12200421
Convert 126468 (base 10) to base 11.
87021
Convert -20011000122 (base 3) to base 5.
-12333111
577610 (base 14) to base 8
13271176
-2552175 (base 9) to base 15
-1c790e
-100630162 (base 7) to base 8
-26316453
What is -4314014 (base 5) in base 12?
-36301
Convert -110221021 (base 3) to base 16.
-24d6
832997 (base 10) to base 5
203123442
-15121335 (base 6) to base 16
-7fe9b
13030321220 (base 4) to base 15
274568
What is -10010120221002 (base 3) in base 6?
-55404132
What is 16429 (base 10) in base 8?
40055
What is -33054562 (base 7) in base 9?
-5303861
Convert 10120000111 (base 3) to base 4.
101011231
Convert -10242322004 (base 5) to base 13.
-2348cc3
What is -127762 (base 11) in base 6?
-4144313
What is 130310032 (base 4) in base 6?
2310234
-220002100201201 (base 3) to base 2
-110000110101010000010011
Convert 275b98 (base 12) to base 3.
1020011221222
What is -84b0b (base 12) in base 14?
-477ab
What is c563a7 (base 13) in base 15?
611867
Convert 142608 (base 10) to base 12.
6a640
What is -556350 (base 7) in base 10?
-98280
Convert -555b2 (base 13) to base 11.
-a631a
What is -505715 (base 8) in base 10?
-166861
Convert 721a1 (base 16) to base 8.
1620641
Convert -10a9db (base 16) to base 3.
-2001111000122
5b25 (base 14) to base 13
731a
What is -91c49 (base 16) in base 12?
-249635
What is a1833 (base 15) in base 13?
14ba61
Convert 876774 (base 16) to base 4.
201312131310
What is b50b5 (base 14) in base 10?
436455
What is -1025442 (base 6) in base 7?
-300140
-102202213 (base 4) to base 2
-10010100010100111
What is -26d834 (base 14) in base 5?
-320442210
What is 11001111011110011001001 (base 2) in base 13?
1540605
What is 341541 (base 9) in base 10?
204562
What is -44693 (base 11) in base 15?
-14296
Convert -2002221112201 (base 3) to base 4.
-10101221212
-2371a6 (base 12) to base 9
-1061860
Convert 1772d (base 16) to base 8.
273455
Convert -304764 (base 8) to base 16.
-189f4
2337114 (base 9) to base 5
310434114
What is 298bc (base 13) in base 11?
539a5
What is -47251 (base 15) in base 16?
-3755b
Convert 341066 (base 9) to base 16.
31d94
-2225911 (base 11) to base 4
-32320230312
58d61 (base 14) to base 15
442e5
Convert -133316460 (base 7) to base 5.
-4203042440
-d7031 (base 15) to base 9
-1248221
4632324 (base 8) to base 5
310234313
Convert 1003003303 (base 4) to base 6.
5515351
What is -273750 (base 11) in base 15?
-873c4
What is a4cb24 (base 14) in base 7?
65214244
What is 17b26 (base 14) in base 15?
12ac9
Convert -544454 (base 6) to base 12.
-2212a
Convert 868422 (base 10) to base 4.
3110001012
-11100001000000000100010 (base 2) to base 5
-3341412314
3784d6 (base 15) to base 13
722028
534547 (base 9) to base 8
1155524
What is -a2a7c (base 15) in base 6?
-15013543
Convert 303144 (base 9) to base 14.
49583
-1100302122 (base 4) to base 16
-50c9a
-899003 (base 15) to base 14
-c2b071
Convert 1454661 (base 9) to base 7.
6555505
134112003 (base 5) to base 14
140011
528597 (base 10) to base 15
a694c
Convert -133e5a5 (base 15) to base 13.
-2b47a01
Convert 1265b0 (base 12) to base 11.
1965a3
What is -4347037 (base 8) in base 12?
-48333b
11110464 (base 9) to base 7
63506206
3437356 (base 9) to base 6
103434423
Convert 993630 (base 10) to base 8.
3624536
What is -4377837 (base 10) in base 8?
-20546355
What is 826057 (base 9) in base 7?
4110253
112202004 (base 6) to base 5
1012200402
What is -1025616 (base 14) in base 13?
-176ac48
What is 3261333 (base 8) in base 11?
54a123
What is -6686a1 (base 15) in base 13?
-1022107
What is 167a980 (base 12) in base 13?
c67326
Convert 737865 (base 9) to base 7.
3505256
What is -203d22 (base 15) in base 9?
-2784245
What is -1100011100011100111 (base 2) in base 10?
-407783
12020021112212 (base 3) to base 13
764963
-3000210042 (base 5) to base 10
-5866272
What is -70c454 (base 13) in base 12?
-a67928
Convert 20303230101 (base 4) to base 14.
441601
-35d7b (base 14) to base 6
-2453213
-bad3 (base 14) to base 15
-98a4
What is 1011011100010110 (base 2) in base 6?
1000554
Convert -111220020020 (base 4) to base 2.
-10101101000001000001000
Convert -3a2c4 (base 14) to base 10.
-143252
Convert 1b2043 (base 13) to base 12.
293309
What is -100000210 (base 4) in base 16?
-10024
2927d (base 16) to base 2
101001001001111101
Convert -428080 (base 9) to base 13.
-8c226
Convert 1012524 (base 6) to base 4.
23313010
What is 102010102012001 (base 3) in base 2?
10110100011100111011111
What is -2124000240 (base 5) in base 6?
-240441555
Convert -22344102 (base 5) to base 11.
-12720a
What is -343121024 (base 5) in base 13?
-41a049
What is -48c47 (base 13) in base 16?
-20b13
What is -1651532 (base 7) in base 11?
-1486a8
What is cb11 (base 14) in base 3?
1210010222
What is -39065b (base 13) in base 3?
-2120201001111
What is 18a4c (base 16) in base 11?
69924
1112312312 (base 4) to base 16
56db6
What is 8906 (base 10) in base 13?
4091
What is 413140 (base 6) in base 8?
100524
-20b333 (base 12) to base 14
-d666b
56a07b (base 13) to base 11
1180139
-4276ac (base 14) to base 12
-905388
-100395 (base 11) to base 8
-473356
Convert -40d077 (base 15) to base 6.
-150014051
What is 14a755 (base 11) in base 10?
233832
What is -156620544 (base 7) in base 12?
-36b8a23
Convert -1304321 (base 5) to base 6.
-314242
-1a1928 (base 11) to base 3
-120202010012
18156a7 (base 11) to base 9
5716764
-23a01 (base 14) to base 5
-10241100
-1002010012012 (base 3) to base 8
-2137316
1110000000010000010100 (base 2) to base 14
6b7bc8
-23ccd (base 15) to base 11
-78940
Convert -1000001101111111000 (base 2) to base 6.
-5434440
What is -10202002011 (base 3) in base 15?
-16c77
-1010102012 (base 4) to base 8
-1042206
Convert -152415 (base 12) to base 2.
-1010111000011010001
Convert 1080190 (base 10) to base 3.
2000212202001
What is -30526cb (base 13) in base 4?
-313303133013
What is 1458373 (base 12) in base 9?
7637206
Convert -121101332102 (base 4) to base 2.
-11001010001111110010010
Convert 2151241 (base 7) to base 12.
109144
Convert c1d5db (base 15) to base 8.
43101013
What is -15a1007 (base 12) in base 8?
-20736307
26555253 (base 7) to base 14
47b263
Convert -420328 (base 10) to base 11.
-267887
Convert -430242 (base 8) to base 14.
-3a438
Convert 26253644 (base 7) to base 2.
1001001001111011010010
What is 3524402 (base 8) in base 2?
11101010100100000010
What is 